, 0 = -n*t - 5*o. Let s(b) = b + 5. Give s(t).
2
Let t(h) = h + 5. Let g(b) = b**2 + 7*b - 4. Let c be g(-7). Give t(c).
1
Let p(h) be the first derivative of -h**5/20 + 5*h**4/12 - h**3/3 - 5*h**2/2 + h + 2. Let g(o) be the first derivative of p(o). What is g(4)?
3
Let k(a) = 3*a - a + 5 - 4 - 2*a**2. What is k(-1)?
-3
Let r = -8 - -15. Let m = 1 + -1. Suppose -2*y + r = -5*v - 8, m = 3*y. Let n(d) = -d**2 - 2*d - 2. Calculate n(v).
-5
Let r(o) = -o**3 + 7*o**2 - 8*o + 4. Let a be (78/18)/((-1)/(-3)). Let x = a + -8. Give r(x).
14
Let f be (-3)/(-3 + 2) - 3. Let x = 5 - f. Let j(q) = -q**3 + 5*q**2 - q. Calculate j(x).
-5
Let n(o) = o**2 + 2*o. Let a be (76/60 + (-6)/9)*-5. Determine n(a).
3
Let i(o) = 6*o + 6 - 4 - 2. Calculate i(-1).
-6
Let v(u) be the third derivative of -7*u**6/120 + u**5/60 - u**3/6 + u**2. Suppose 18 - 13 = 5*o. Calculate v(o).
-7
Let j(i) = -i**2 - 2*i + 1. Suppose 2*r + 1 = -3. Let g be j(r). Let a(m) be the second derivative of 7*m**5/20 - m**4/6 + m**3/6 + 2*m. Determine a(g).
6
Let y(a) = a**2 - 10*a + 3. Let z = 69 - 59. Calculate y(z).
3
Suppose 0 = -4*m - m. Let f be m + 1 - (-7 - -12). Let q(p) = p**3 + 4*p**2 - 4*p - 5. Calculate q(f).
11
Let g be (-78)/21 - (-8)/(-28). Let f(v) = -v**2 - 5*v - 1. Calculate f(g).
3
Let c(u) = -14*u**3 + 2*u**2 - 2 + 1 + u + 13*u**3. Calculate c(3).
-7
Let r = 20 - 10. Let v be (-2)/r - 5/(-25). Let d(z) = v + 2 - 3*z + 4*z + 0*z. Give d(-1).
1
Let i(f) = 7*f**2 - 10*f - 7. Let p(d) = d**2 - d. Suppose 11 = -3*q - 2*l - 17, -15 = 3*l. Let o(j) = q*p(j) + i(j). What is o(5)?
-2
Let l(t) = t**3 - 6*t**2 - 9*t + 15. Let w be l(7). Let d(p) = -7*p**3 + p**2 - p. Determine d(w).
-7
Suppose 0 = 3*l - 8 - 7. Let j(i) = i + 4. What is j(l)?
9
Suppose 12*n - 50 = 2*n. Let f(v) = v**3 - 6*v**2 + 5*v - 5. Determine f(n).
-5
Let k(l) = -l**2 + l + 2. Let x be k(2). Let t(u) = -21*u + 23. Let r(q) = 8*q - 8. Let y(m) = 8*r(m) + 3*t(m). Calculate y(x).
5
Let w(a) = a**2 - 5*a - 3. Suppose -2*c = -13 + 1. Let f be w(c). Let x(i) = -3*i + 3 - f*i - 2. What is x(1)?
-5
Suppose 0*m + 10 = -5*m. Let u = 14 - 10. Let k(q) = -q**2 - u*q + 2*q**2 - 3 + 2*q. Calculate k(m).
5
Let o(n) = 2*n**3 + 2*n**2 + 17*n. Suppose -4*g - 8 = 4*r, -4*r + 0*g + 5*g - 44 = 0. Let x(q) = -q**3 - q**2 - 8*q. Let v(d) = r*o(d) - 13*x(d). What is v(-2)?
-8
Let o(y) = -5*y**2 - 13*y - 18. Let l(j) = -9*j**2 - 25*j - 34. Let c(s) = -6*l(s) + 11*o(s). Determine c(8).
-2
Let i(x) = x - 1. Let r = -2 - -5. Let z(n) = -4*n + 8. Let d(p) = r*i(p) + z(p). Give d(6).
-1
Let t(z) be the first derivative of z**4/2 - z**3/3 + z**2 + z + 21. What is t(2)?
17
Let q(y) be the first derivative of -7*y**2/2 - 4. Let z(u) = 15*u. Let g(h) = -13*q(h) - 6*z(h). Determine g(5).
5
Suppose -4*q + q = 15. Let w be 4/10 - 114/(-15). Let i = w + q. Let h(k) = k**3 - 2*k**2 - k - 3. What is h(i)?
3
Suppose 2*h = -3*n - 25, 4*h + 2*n + 2*n = -40. Let w(l) be the first derivative of l**3/3 + 3*l**2 + 7*l - 1. Give w(h).
2
Let p(x) = -8*x**2 + x. Suppose 0 = -9*b + 4*b + 10. Suppose -5*t = -5*m, -t + b*m + 0 = 1. What is p(t)?
-7
Let a(n) = -n**2 - 10*n - 10. Let c(j) = -j**3 + 33*j**2 - 31*j - 42. Let b be c(32). Determine a(b).
-10
Let z(y) = 2*y. Let k(p) = 3*p + 4. Let w(f) = -k(f) + 2*z(f). What is w(4)?
0
Let i(r) be the second derivative of r**4/3 - r**3/2 + 9*r. Determine i(2).
10
Let i(y) = -y**2 + y - 10. Let z(c) = 10*c + 30. Let k be z(-3). Calculate i(k).
-10
Let n = -11 - -15. Let h(l) = 5 - 1 + 2*l - 3 - 3. Determine h(n).
6
Let y be (-16*(-1)/2)/2. Let f(w) be the first derivative of w**3/3 - 3*w**2 + w + 2. Give f(y).
-7
Let l(z) be the first derivative of z + 1/2*z**4 + 5 - 1/3*z**3 + 0*z**2. What is l(-1)?
-2
Let s be 2/(-7) - 80/14. Let y(x) = x**3 + 5*x**2 - 6*x - 8. Give y(s).
-8
Let i = 15 + -10. Suppose 0 = i*v - s + 7, 2*s + 0*s = -v + 3. Let b(q) be the first derivative of -q**2/2 - 1. Determine b(v).
1
Let t be 1/(-2) - 74/(-4). Suppose l - 5*g = -0*g - t, -5*l = -4*g + 6. Let s(q) = 2*q + 2. Calculate s(l).
6
Let c(u) = -u**3 + 1 + 2*u + 0 + 3*u**2 - 2. Calculate c(2).
7
Let s(v) be the second derivative of v**8/6720 + v**7/420 + v**6/90 + v**5/24 + v**4/12 - v. Let a(q) be the third derivative of s(q). Give a(-5).
-10
Let t = 8 + -6. Let w(d) = 9*d + 4 - 5*d + 3 - d**t. Suppose 0 = 4*i + 2*u - 23 + 1, -i + 4 = -u. Determine w(i).
2
Let p(d) = 7*d. Let y = 1 + -1. Let l(j) = j - 1. Let r be l(5). Suppose 4*u + y = r. Determine p(u).
7
Let f(r) = -r**2 + 7*r - 2. Let b = 96 - 90. Calculate f(b).
4
Let o(m) be the first derivative of -2 + 2*m**2 - 2*m - 1/3*m**3. Determine o(4).
-2
Suppose 2*h = 3*h - 3. Let k = 8 + -6. Let o(g) = -g**3 + 3*g**2 + 2*g + 4 - g - k*g. Determine o(h).
1
Let b(r) = r + 1. Let p(n) = -n**2 + 7*n - 5. Let g(d) = -b(d) - p(d). What is g(5)?
-11
Let q(u) = 10 - u**2 + 0*u + 3*u - 4*u. Suppose 8*c = 6*c. Suppose 5*x - 2*g = 8, -3*x - g - 3 - 1 = c. Give q(x).
10
Suppose 0*i - 4*b + 10 = i, 2*i = -2*b + 14. Let l(o) = -o**3 + 7*o**2 - 5*o - 7. What is l(i)?
-1
Let x(m) be the third derivative of m**6/30 - m**3/6 - m**2. Suppose 4*u = -2*d - 2, 3*d + d + 17 = 5*u. What is x(u)?
3
Let q(s) = -s**3 - 5*s**2 + 4*s - 2. Let h be 0 + 6*(-5)/5. What is q(h)?
10
Suppose 10*y = -11*y + 6*y. Let h(o) be the first derivative of -o + y*o**2 + 2 + 9/4*o**4 + 2/3*o**3. What is h(-1)?
-8
Let r = -29 - -25. Let i(a) = a + 4. Let f(h) = -2*h - 5. Let w(x) = -2*f(x) - 3*i(x). What is w(r)?
-6
Let p = 5 - 0. Suppose 2*r - p*r - 3 = 0. Let d = 4 + r. Let y(m) = -m - 1. Give y(d).
-4
Let f(j) = 6*j - 25. Let a(y) = 2*y - 9. Let k(x) = 17*a(x) - 6*f(x). Give k(8).
-19
Suppose 18 = 3*o + 4*t + t, -t + 8 = 5*o. Let i(f) = -13*f + 3. Let k(b) = -26*b + 8. Let v(g) = 5*i(g) - 2*k(g). Determine v(o).
-14
Suppose -h + 2*h + 7 = 0. Let n = h + 13. Let y = -2 + n. Let p(d) = d**3 - 5*d**2 + 3*d. Calculate p(y).
-4
Let b = 5 + 2. Let o(p) be the second derivative of p**4/12 - p**3 - 3*p**2 - 2*p. Let q be o(b). Let i(m) = 6*m**3 + m**2 - 2*m + 1. Give i(q).
6
Let g(v) = -v - 2. Let d(m) = m**2 + 3*m - 1. Let x be d(-2). Calculate g(x).
1
Let p(r) = r - 3. Let d be p(4). Let b(k) be the third derivative of -5*k**4/12 - 21*k**2. What is b(d)?
-10
Let d = -10 - -12. Let a be 4*d*(-9)/(-12). Let j(m) = m - 7. Give j(a).
-1
Let q be ((-20)/(-15))/(2/(-6)). Let u = q - -10. Let g = u + -2. Let v(n) = 3*n - 6. What is v(g)?
6
Let h(l) = l - 1. Let j(n) = n**2 - 4*n + 4. Let c(y) = h(y) + j(y). Determine c(2).
1
Let d be (-8)/(-6) + 3/(-9). Let t(u) be the first derivative of -u**2 - d - u + 2*u**2 + 2*u. Calculate t(1).
3
Let g(r) = 2*r + 1. Let s = -1 - -3. Suppose -s*j - 6 = j. Let c be g(j). Let b(k) = 2*k - 4. Determine b(c).
-10
Let z(d) = 9*d**2 + d. Let b = -11 + 0. Let p = -12 - b. What is z(p)?
8
Suppose 0*y + 2*y + 21 = -5*u, 2*y = -u - 9. Let r(n) = n + 1. Determine r(y).
-2
Let z(a) = -3*a**3 - 6*a**2 + 2*a - 4. Let q(k) = -2*k**3 - k - 2. Let n(w) = -2*q(w) + z(w). Let x be ((-10)/(-8))/(2/8). Give n(x).
-5
Let p(v) be the first derivative of 2*v**2 + 3*v - 2. What is p(-4)?
-13
Let p(s) = s + 2. Suppose 12*h + 20 + 16 = 0. Determine p(h).
-1
Suppose -3*o - 3*t = -1 + 7, -4*o = 5*t + 12. Let b(i) be the second derivative of 0 + 1/2*i**3 + 7*i + 1/2*i**2. Calculate b(o).
7
Let n(q) = q - 7. Let r be n(7). Let v(b) be the second derivative of -b**5/20 - b**4/12 + b**2/2 + 3*b. Give v(r).
1
Let r be (18/12)/((-2)/(-4)). Let y(a) = -10*a - 6. Let t(j) = -29*j - 17. Let l(w) = -6*t(w) + 17*y(w). Calculate l(r).
12
Let f(i) = -3*i**2 + 8*i. Let c(j) = j**2 - j + 1. Let y(n) = 2*c(n) + f(n). What is y(5)?
7
Let a(k) be the first derivative of -4/3*k**3 - 1 - 7*k - 1/4*k**4 + k**2. Let z(y) = -2*y + 3. Let d be z(4). What is a(d)?
8
Let o(i) = 13*i**2 - 5*i - 7. Let x(a) = 7*a**2 - 2*a - 3. Suppose -2*k + 4 = 4*f - 14, -7 = -3*k + 4*f. Let j(q) = k*x(q) - 2*o(q). Determine j(1).
8
Let n(i) = -i**2 + 13*i. Let f(w) = 2*w**2 - 27*w - 1. Let b(x) = -6*f(x) - 13*n(x). Suppose 4*t - 27 = -v, -6 = -v - 3. Give b(t).
0
Let k(b) be the second derivative of -b**5/20 - 5*b**4/12 - b**3/3 - 3*b**2 + 12*b. Calculate k(-5).
4
Suppose -3 = -3*k + 3. Let a be -4 - 2/(1 - k). Let h(o) be the third derivative of -o**6/120 - o**5/15 + o**4/24 - 